{"id":1136,"date":"2025-12-04T03:40:23","date_gmt":"2025-12-04T03:40:23","guid":{"rendered":"https:\/\/demo23.mikotech.vn\/hungcuong\/?page_id=1136"},"modified":"2026-02-24T08:08:24","modified_gmt":"2026-02-24T08:08:24","slug":"ve-chung-toi","status":"publish","type":"page","link":"https:\/\/demo23.mikotech.vn\/hungcuong\/ve-chung-toi\/","title":{"rendered":"V\u1ec1 ch\u00fang t\u00f4i"},"content":{"rendered":"\t\t<div data-elementor-type=\"wp-post\" data-elementor-id=\"1136\" class=\"elementor elementor-1136\" data-elementor-post-type=\"page\">\n\t\t\t\t<div class=\"elementor-element elementor-element-07ffdab e-con-full e-flex e-con e-parent\" data-id=\"07ffdab\" data-element_type=\"container\">\n\t\t\t\t<div class=\"elementor-element elementor-element-da1ed67 elementor-widget elementor-widget-image\" data-id=\"da1ed67\" data-element_type=\"widget\" data-widget_type=\"image.default\">\n\t\t\t\t\t\t\t\t\t\t\t\t\t\t\t<img fetchpriority=\"high\" decoding=\"async\" width=\"1440\" height=\"861\" src=\"https:\/\/demo23.mikotech.vn\/hungcuong\/wp-content\/uploads\/2025\/11\/slide.png\" class=\"attachment-full size-full wp-image-97\" alt=\"\" srcset=\"https:\/\/demo23.mikotech.vn\/hungcuong\/wp-content\/uploads\/2025\/11\/slide.png 1440w, https:\/\/demo23.mikotech.vn\/hungcuong\/wp-content\/uploads\/2025\/11\/slide-300x179.png 300w, https:\/\/demo23.mikotech.vn\/hungcuong\/wp-content\/uploads\/2025\/11\/slide-1024x612.png 1024w, https:\/\/demo23.mikotech.vn\/hungcuong\/wp-content\/uploads\/2025\/11\/slide-768x459.png 768w, https:\/\/demo23.mikotech.vn\/hungcuong\/wp-content\/uploads\/2025\/11\/slide-600x359.png 600w\" sizes=\"(max-width: 1440px) 100vw, 1440px\" \/>\t\t\t\t\t\t\t\t\t\t\t\t\t\t\t<\/div>\n\t\t\t\t<\/div>\n\t\t<div class=\"elementor-element elementor-element-ce0b2f8 e-flex e-con-boxed e-con e-parent\" data-id=\"ce0b2f8\" data-element_type=\"container\">\n\t\t\t\t\t<div class=\"e-con-inner\">\n\t\t\t\t<div class=\"elementor-element elementor-element-674f675 elementor-widget elementor-widget-heading\" data-id=\"674f675\" data-element_type=\"widget\" data-widget_type=\"heading.default\">\n\t\t\t\t\t<h1 class=\"elementor-heading-title elementor-size-default\">V\u1ec0 CH\u00daNG T\u00d4I<\/h1>\t\t\t\t<\/div>\n\t\t\t\t<div class=\"elementor-element elementor-element-06ede50 elementor-widget elementor-widget-text-editor\" data-id=\"06ede50\" data-element_type=\"widget\" data-widget_type=\"text-editor.default\">\n\t\t\t\t\t\t\t\t\t<p><strong><span style=\"font-size: 18px;\">H\u1ed3 Ph\u00fa Ninh \u0111\u01b0\u1ee3c thi\u00ean nhi\u00ean \u01b0u \u00e1i ban t\u1eb7ng m\u1ed9t m\u00f3n qu\u00e0 v\u00f4 gi\u00e1 \u0111\u00f3 ch\u00ednh l\u00e0 m\u1ecf n\u01b0\u1edbc kho\u00e1ng n\u00f3ng 70 \u0111\u1ed9 C ngay gi\u1eefa l\u00f2ng h\u1ed3 t\u1ea1o n\u00ean s\u1ea3n ph\u1ea9m n\u01b0\u1edbc kho\u00e1ng thi\u00ean nhi\u00ean Ph\u00fa Ninh.<\/span><\/strong><\/p><p><span style=\"font-size: 18px;\">H\u1ed3 Ph\u00fa Ninh c\u00f3 di\u1ec7n t\u00edch khu v\u1ef1c kho\u1ea3ng 23.409 ha, s\u1ee9c ch\u1ee9a n\u01b0\u1edbc 344,106 tri\u1ec7u m3, t\u1ed5ng di\u1ec7n t\u00edch m\u1eb7t h\u1ed3 h\u01a1n 3.400 ha v\u00e0 \u0111\u01b0\u1ee3c coi l\u00e0 h\u1ed3 th\u1ee7y l\u1ee3i r l\u1edbn nh\u1ea5t khu v\u1ef1c mi\u1ec1n Trung \u2013 T\u00e2y Nguy\u00ean. Ngu\u1ed3n n\u01b0\u1edbc kho\u00e1ng t\u1ea1i \u0111\u00e2y \u0111\u01b0\u1ee3c ph\u00e1t hi\u1ec7n b\u1edfi ng\u01b0\u1eddi Ph\u00e1p v\u00e0o nh\u1eefng n\u0103m \u0111\u1ea7u c\u1ee7a th\u1ebf k\u1ef7 20, , nh\u1eefng nh\u00e0 khoa h\u1ecdc Ph\u00e1p th\u1ea5y \u0111\u01b0\u1ee3c ti\u1ec1m n\u0103ng l\u1ee3i \u00edch s\u1ee9c kh\u1ecfe th\u1ef1c t\u00ea\u0301 m\u00e0 n\u01b0\u1edbc kho\u00e1ng Ph\u00fa Ninh mang \u0111\u00ea\u0301n cho ng\u01b0\u1eddi s\u1eed d\u1ee5ng.<\/span><\/p><p><span style=\"font-size: 18px;\">Ng\u00e0y 15\/6\/2014, t\u1ea1i th\u00f4n Trung \u0110\u00e0n, x\u00e3 Tam \u0110\u1ea1i, huy\u1ec7n Ph\u00fa Ninh, t\u1ec9nh Qu\u1ea3ng Nam (nay thu\u1ed9c Th\u00f4n Trung \u0110\u00e0n, x\u00e3 Ph\u00fa Ninh, Th\u00e0nh ph\u1ed1 \u0110\u00e0 N\u1eb5ng) t\u1ed5 ch\u1ee9c L\u1ec5 Kh\u00e1nh th\u00e0nh Nh\u00e0 m\u00e1y n\u01b0\u1edbc kho\u00e1ng Ph\u00fa Ninh. D\u1ef1 \u00e1n do C\u00f4ng ty C\u1ed5 ph\u1ea7n \u0110\u1ea7u t\u01b0 Du l\u1ecbch H\u00f9ng C\u01b0\u1eddng l\u00e0m ch\u1ee7 \u0111\u1ea7u t\u01b0.<\/span><\/p><p><span style=\"font-size: 18px;\">L\u00e3nh \u0111\u1ea1o t\u1ec9nh Qu\u1ea3ng Nam, l\u00e3nh \u0111\u1ea1o nh\u00e0 m\u00e1y v\u00e0 Hoa h\u1eadu Qu\u00fd b\u00e0 \u0110o\u00e0n Th\u1ecb Kim H\u1ed3ng c\u1eaft b\u0103ng kh\u00e1nh th\u00e0nh.S\u1ea3n xu\u1ea5t tr\u00ean d\u00e2y chuy\u1ec1n kh\u00e9p k\u00edn v\u00e0 t\u1ef1 \u0111\u1ed9ng, nh\u00e0 m\u00e1y g\u1ed3m c\u00e1c h\u1ec7 th\u1ed1ng ti\u00ean ti\u1ebfn nh\u01b0: H\u1ec7 th\u1ed1ng l\u1ecdc v\u00e0 chi\u1ebft n\u01b0\u1edbc theo ti\u00eau chu\u1ea9n qu\u1ed1c t\u1ebf. . Ph\u00e1t bi\u1ec3u t\u1ea1i l\u1ec5 kh\u00e1nh th\u00e0nh, \u00f4ng L\u00ea Ph\u01b0\u1edbc Thanh \u2013 Ch\u1ee7 t\u1ecbch UBND t\u1ec9nh Qu\u1ea3ng Nam: \u201cD\u1ef1 \u00e1n \u0111i v\u00e0o ho\u1ea1t \u0111\u1ed9ng kh\u00f4ng ch\u1ec9 \u0111\u00f3ng g\u00f3p cho s\u1ef1 ph\u00e1t tri\u1ec3n kinh t\u1ebf, du l\u1ecbch c\u1ee7a \u0111\u1ecba ph\u01b0\u01a1ng m\u00e0 c\u00f2n h\u1ed7 tr\u1ee3 gi\u1ea3i quy\u1ebft vi\u1ec7c l\u00e0m \u1ed5n \u0111\u1ecbnh tr\u1ef1c ti\u1ebfp cho ng\u01b0\u1eddi d\u00e2n n\u01a1i \u0111\u00e2y\u201d.<\/span><\/p><p><span style=\"font-size: 18px;\">Nh\u00e0 m\u00e1y N\u01b0\u1edbc kho\u00e1ng Ph\u00fa Ninh, kh\u00e1nh th\u00e0nh t\u1eeb n\u0103m 2013, tr\u1ea3i qua th\u1eddi gian d\u00e0i ph\u00e1t tri\u1ec3n, ch\u00fang t\u00f4i lu\u00f4n ch\u00fa tr\u1ecdng \u0111\u00e2\u0300u t\u01b0 v\u00e0o s\u1ea3n ph\u1ea9m, nh\u1eadn di\u1ec7n th\u01b0\u01a1ng hi\u1ec7u, h\u1ec7 th\u1ed1ng qu\u1ea3n tr\u1ecb, h\u1ec7 th\u1ed1ng b\u00e1n h\u00e0ng v\u00e0 \u0111\u1eb7t h\u00e0ng tr\u1ef1c tuy\u1ebfn\u2026\u0111\u1ec3 \u0111\u01b0a n\u01b0\u1edbc kho\u00e1ng Ph\u00fa Ninh \u0111 \u1ebfn th\u1ecb tr\u01b0\u1eddng m\u1ed9t c\u00e1ch r\u1ed9ng r\u00e3i nh\u01b0ng v\u00e2\u0303n g\u00e2\u0300n g\u0169i v\u1edbi ng\u01b0\u1eddi ti\u00eau d\u00f9ng v\u00e0 th\u00e2n thi\u00ea\u0323n v\u1edbi m\u00f4i tr\u01b0\u1eddng.<\/span><\/p><p><span style=\"font-size: 18px;\">N\u01b0\u1edbc kho\u00e1ng thi\u00ean nhi\u00ean Ph\u00fa Ninh gi\u1eef tr\u1ecdn v\u1ecb kho\u00e1ng l\u00e0nh ban t\u1eb7ng t\u1eeb thi\u00ean nhi\u00ean \u0111\u1ec3 mang \u0111\u1ebfn kho\u00e1ng ch\u1ea5t thi\u1ebft y\u1ebfu cho ng\u01b0\u1eddi ti\u00eau d\u00f9ng m\u1ed7i ng\u00e0y.<\/span><\/p>\t\t\t\t\t\t\t\t<\/div>\n\t\t\t\t\t<\/div>\n\t\t\t\t<\/div>\n\t\t\t\t<\/div>\n\t\t","protected":false},"excerpt":{"rendered":"<p>V\u1ec0 CH\u00daNG T\u00d4I H\u1ed3 Ph\u00fa Ninh \u0111\u01b0\u1ee3c thi\u00ean nhi\u00ean \u01b0u \u00e1i ban t\u1eb7ng m\u1ed9t m\u00f3n qu\u00e0 v\u00f4 gi\u00e1 \u0111\u00f3 ch\u00ednh [&hellip;]<\/p>\n","protected":false},"author":1,"featured_media":0,"parent":0,"menu_order":0,"comment_status":"closed","ping_status":"closed","template":"","meta":{"site-sidebar-layout":"no-sidebar","site-content-layout":"","ast-site-content-layout":"full-width-container","site-content-style":"default","site-sidebar-style":"default","ast-global-header-display":"","ast-banner-title-visibility":"","ast-main-header-display":"","ast-hfb-above-header-display":"","ast-hfb-below-header-display":"","ast-hfb-mobile-header-display":"","site-post-title":"","ast-breadcrumbs-content":"","ast-featured-img":"disabled","footer-sml-layout":"","theme-transparent-header-meta":"","adv-header-id-meta":"","stick-header-meta":"","header-above-stick-meta":"","header-main-stick-meta":"","header-below-stick-meta":"","astra-migrate-meta-layouts":"default","ast-page-background-enabled":"default","ast-page-background-meta":{"desktop":{"background-color":"var(--ast-global-color-5)","background-image":"","background-repeat":"repeat","background-position":"center center","background-size":"auto","background-attachment":"scroll","background-type":"","background-media":"","overlay-type":"","overlay-color":"","overlay-opacity":"","overlay-gradient":""},"tablet":{"background-color":"","background-image":"","background-repeat":"repeat","background-position":"center center","background-size":"auto","background-attachment":"scroll","background-type":"","background-media":"","overlay-type":"","overlay-color":"","overlay-opacity":"","overlay-gradient":""},"mobile":{"background-color":"","background-image":"","background-repeat":"repeat","background-position":"center center","background-size":"auto","background-attachment":"scroll","background-type":"","background-media":"","overlay-type":"","overlay-color":"","overlay-opacity":"","overlay-gradient":""}},"ast-content-background-meta":{"desktop":{"background-color":"var(--ast-global-color-4)","background-image":"","background-repeat":"repeat","background-position":"center center","background-size":"auto","background-attachment":"scroll","background-type":"","background-media":"","overlay-type":"","overlay-color":"","overlay-opacity":"","overlay-gradient":""},"tablet":{"background-color":"var(--ast-global-color-4)","background-image":"","background-repeat":"repeat","background-position":"center center","background-size":"auto","background-attachment":"scroll","background-type":"","background-media":"","overlay-type":"","overlay-color":"","overlay-opacity":"","overlay-gradient":""},"mobile":{"background-color":"var(--ast-global-color-4)","background-image":"","background-repeat":"repeat","background-position":"center center","background-size":"auto","background-attachment":"scroll","background-type":"","background-media":"","overlay-type":"","overlay-color":"","overlay-opacity":"","overlay-gradient":""}},"footnotes":""},"class_list":["post-1136","page","type-page","status-publish","hentry"],"_links":{"self":[{"href":"https:\/\/demo23.mikotech.vn\/hungcuong\/wp-json\/wp\/v2\/pages\/1136","targetHints":{"allow":["GET"]}}],"collection":[{"href":"https:\/\/demo23.mikotech.vn\/hungcuong\/wp-json\/wp\/v2\/pages"}],"about":[{"href":"https:\/\/demo23.mikotech.vn\/hungcuong\/wp-json\/wp\/v2\/types\/page"}],"author":[{"embeddable":true,"href":"https:\/\/demo23.mikotech.vn\/hungcuong\/wp-json\/wp\/v2\/users\/1"}],"replies":[{"embeddable":true,"href":"https:\/\/demo23.mikotech.vn\/hungcuong\/wp-json\/wp\/v2\/comments?post=1136"}],"version-history":[{"count":22,"href":"https:\/\/demo23.mikotech.vn\/hungcuong\/wp-json\/wp\/v2\/pages\/1136\/revisions"}],"predecessor-version":[{"id":1917,"href":"https:\/\/demo23.mikotech.vn\/hungcuong\/wp-json\/wp\/v2\/pages\/1136\/revisions\/1917"}],"wp:attachment":[{"href":"https:\/\/demo23.mikotech.vn\/hungcuong\/wp-json\/wp\/v2\/media?parent=1136"}],"curies":[{"name":"wp","href":"https:\/\/api.w.org\/{rel}","templated":true}]}}